4*u. Calculate the greatest common divisor of u and 456.
57
Let w(h) = -h**3 + 35*h**2 - 2*h + 136. Let f be w(35). What is the highest common factor of f and 1518?
66
Suppose 0 = 2*f - 220 + 68. What is the highest common factor of f and 342?
38
Suppose 0 = -v + 9 + 3. Let i be (2 - -1)/(30/(-140)). Let c be 2*(2 + -3 - 0) - i. Calculate the highest common divisor of v and c.
12
Let x be (2/(-8))/(31/(-2108)). Calculate the highest common factor of x and 187.
17
Let x be (-4940)/(-45) + 6/27. Let j(g) = g**3 + 10*g**2 + 11*g + 4. Let u be j(-8). What is the greatest common factor of u and x?
22
Suppose -5*l = 94 - 19. Let w(k) = k**2 + 11*k - 28. Let o be w(l). What is the highest common factor of 2 and o?
2
Let r be ((-30)/8)/(-3)*(7 - 3). Suppose -650 = -r*k + 3*z, 0*k - 2*z + 130 = k. What is the highest common factor of 10 and k?
10
Let i = -19 - -37. Suppose -2*j - 3*y + 8*y = -i, y + 9 = j. Let q = -25535 - -25616. Calculate the greatest common factor of q and j.
9
Suppose -5 = -k - 1, -3*i = -3*k + 21. Let y be (2/i)/((-8)/12). Calculate the greatest common factor of y and 5.
1
Suppose 3*g + 4*o = -0*g + 12, -5*o = -g + 23. Calculate the greatest common divisor of g and 36.
4
Suppose -6 - 12 = -3*r. Suppose l = r*l - 45. Suppose -2*c = -5*c + l. Calculate the highest common divisor of c and 3.
3
Suppose -40 = -2*r - 3*u - 1, -3*r + 5*u = -49. Let n be (-5)/(-2)*720/40. Calculate the highest common factor of n and r.
9
Let t be -3 - (-4 + 0 - 46). Suppose 0 = a - 6 - 6. Let m be a/3 + t - -4. What is the highest common factor of 11 and m?
11
Let r = -923 + 1421. What is the highest common divisor of 1826 and r?
166
Suppose -495 = -3*r - 45. Calculate the greatest common factor of r and 30.
30
Let n(f) = 4*f + 15. Let s be n(-2). What is the greatest common divisor of 952 and s?
7
Suppose 0 = 5*v + a - 14, -4*v - 3*a = -0*a - 20. Suppose f = -v*q + 131, 365 = -2*q + 7*q - 5*f. Calculate the greatest common factor of q and 17.
17
Let l be (-1)/2 - 15/2. Let r be (10/l)/((-100)/48 - -2). Let d = -122 - -257. What is the greatest common divisor of r and d?
15
Let n be (6/(-18))/((-1)/9). Suppose -n*j - 166 + 589 = -3*k, 2*k = -3*j + 438. What is the highest common factor of 16 and j?
16
Suppose -181 = 3*o - 610. What is the highest common factor of 13 and o?
13
Let u be 4/(1/(0 + 14)). Suppose c + 21 = 4*r, 2*r + 2*c = -2*c + 6. Suppose -2*i + 48 = -4*o, 3 = r*o - 7. Calculate the greatest common divisor of i and u.
28
Let s = 117 + -106. Suppose s*g = 50 + 610. Calculate the highest common factor of g and 12.
12
Let n(r) = -2*r - 7 - 4*r + r + 3*r + r**2. Let a(b) = 2*b**3 - 3*b**2 + b. Let d be a(2). Let z be n(d). Calculate the greatest common divisor of 136 and z.
17
Suppose -2*o + 0*o = -4. Suppose 0 = -2*g - o*g + 40. Suppose 6*y - 198 = 102. Calculate the greatest common factor of g and y.
10
Let h(m) = -m**3 + 12*m**2 - 14*m. Let x be h(10). Suppose 0*y - 288 = -12*y. Calculate the highest common factor of y and x.
12
Let z(w) = -w + 8. Let c be z(5). Let d(i) = -3*i + c - 4 - 8*i + 8. Let x be d(-3). Calculate the greatest common factor of x and 60.
20
Let h = 54 - 43. Let z = h + -10. What is the highest common divisor of 11 and z?
1
Suppose -3*h = 4*s + 49, -5*s - 36 = 2*h - 3*s. Let f(i) = -i**3 - 24*i**2 - 26*i - 45. Let w be f(h). What is the greatest common factor of 6 and w?
6
Let n(g) = -5*g**2 + 3. Let t be n(-3). Let u = -9 - t. Calculate the greatest common divisor of u and 264.
33
Let w = 990 + -87. What is the greatest common divisor of 21 and w?
21
Let g(h) = 4 - 2 - 1 + 3 + 50*h. Let r be g(1). What is the greatest common factor of r and 27?
27
Let h(k) = -2*k**2 + k + 28. Let d be h(0). Suppose -3*n - 3*p + 225 = 0, 0 = 3*n + 2*p - 6*p - 190. What is the greatest common factor of n and d?
14
Let r(y) = -y. Let p(v) = v**3 - v**2 - 6*v - 4. Let g(f) = -p(f) + 6*r(f). Let c be g(0). Let a = -39 + 40. What is the greatest common factor of a and c?
1
Let y be (-1)/5 - (-78)/15. Suppose 0 = 2*r + i - 6*i + 11, -4*i = -y*r - 2. Let z = 0 - -1. Calculate the highest common divisor of z and r.
1
Let c = 4 - -62. Let m(v) = -v**3 - 4*v**2 + 4*v - 4. Let a be m(-6). Calculate the greatest common factor of a and c.
22
Let n(w) = -2*w - 8. Let z be n(-6). Suppose -5*y - z*i + 210 = 0, -3*i - 5 = -20. Calculate the highest common factor of y and 57.
19
Let x = -10 - -15. Suppose -r - 5*c + 17 = 0, -x*c + 3*c = -2*r - 26. Let q be r/(-6)*99/6. Calculate the greatest common divisor of 55 and q.
11
Let o(g) = 5*g**2 + 5*g - 4. Let q be o(-3). Suppose -2*i + q = m, 4*m - 35 = -i + 41. What is the greatest common divisor of 6 and m?
6
Let g be (-4 - -8)/(4/59). Calculate the highest common factor of 59 and g.
59
Let j = 2 - -2. Suppose -j*c - 4*b + 36 = -0*b, -3*c - b = -17. Suppose -2*h - 5 = -c*h - 5*o, h - 22 = 4*o. What is the greatest common factor of 30 and h?
10
Let o = 66 - 68. Let k(i) = -13*i**3 - i**2 - i - 3. Let w be k(o). Calculate the highest common factor of w and 9.
9
Let o be (-3828)/(-377) - (-4)/(-26). Let g be 1/(-5) + (-3906)/(-30). Calculate the greatest common factor of o and g.
10
Let y = 11 + -1. Suppose -2*o - 3*r = -y, -5*o + o + 52 = -2*r. Let i be o + 3 + -1 + 1. Calculate the highest common divisor of i and 42.
14
Suppose 0 = -5*a + 11*a + 354. Let s = 68 + a. Calculate the greatest common divisor of 2 and s.
1
Suppose a + r - 618 = 0, 3*a + 2*r + 1844 = 6*a. Calculate the highest common factor of 264 and a.
88
Let u = 6 + -3. Suppose 0 = u*b - 7*b + 72. Let t = 421 + -295. What is the highest common factor of b and t?
18
Let l = -8 + 10. What is the highest common factor of l and 6?
2
Suppose 4*q = -3*i + 8*q + 476, 0 = -4*i + 2*q + 628. Suppose 4*v + 44 = i. What is the greatest common factor of v and 8?
4
Suppose -3*o + 4*c = 2*c - 223, o - 4*c = 71. What is the highest common factor of 345 and o?
15
Suppose -4*a = -5*o - 3876, 5*a - 2*o = 4157 + 688. What is the highest common factor of 51 and a?
51
Suppose i - c = 0, -2*c = 4*i - 18 - 0. Suppose -5*g = -i*g - 58. Calculate the greatest common factor of g and 319.
29
Suppose l - 695 + 28 = 0. Calculate the highest common divisor of 23 and l.
23
Suppose 3*d + 2*z - 13 = 4*d, d - 3 = -2*z. Let i(m) = m**2 + 2*m - 3. Let b be i(d). What is the highest common divisor of b and 12?
12
Let f(g) = -g**3 - 4*g**2 + g - 3. Let y be f(-6). Let z = y - 54. What is the highest common factor of z and 9?
9
Suppose 7 = 12*g - 13*g. Let a = 7 - g. Let u be (-82)/(-3) - 6/(-9). What is the greatest common factor of a and u?
14
Suppose -803*f + 807*f = 72. What is the greatest common divisor of 63 and f?
9
Let r be (364/21)/(2/6). Suppose 3*a + 26 = 4*v - 15, -4*a = -5*v + r. Let y(n) = n**2 - 6*n + 11. Let f be y(v). What is the greatest common factor of 3 and f?
3
Suppose 37*n = -106 + 365. Suppose -26 = -l + 9. What is the highest common factor of l and n?
7
Let g(v) = v**2 - 40*v + 456. Let x be g(16). Calculate the highest common factor of x and 56.
8
Let n = 16 - 15. Let i(a) = 95*a**3 + 2*a - 1. Let z be i(n). Suppose -l = 2*l - 36. What is the highest common factor of l and z?
12
Let l = -463 - -529. Calculate the highest common factor of l and 88.
22
Suppose -44 - 100 = -j. Suppose 0 = 3*d + 3 - j. Calculate the greatest common divisor of 517 and d.
47
Let o be -6 + 59 + 0/(-1). What is the greatest common factor of o and 1?
1
Let k be (-394)/(-10) - (-40)/(-100). Calculate the highest common divisor of k and 3.
3
Let f = 658 - 405. Suppose -5*q + 12*z - 7*z = -860, -656 = -4*q - 4*z. Let k = q + -145. What is the highest common divisor of k and f?
23
Let f(d) = 46*d + 6. Let n(p) = -23*p - 3. Let c(r) = 4*f(r) + 9*n(r). Suppose -3*m + 78 = 87. Let b be c(m). What is the highest common factor of 6 and b?
6
Suppose -h = -3*h + 4. Suppose 318 = t + 3*t + 2*q, -169 = -h*t - 3*q. Let v be 9 - (-1)/2*-4. What is the highest common divisor of t and v?
7
Let w be -6 + 6 - 78/(-3). Let v = w + -14. Let s be ((-4)/v)/(4/(-180)). Calculate the highest common factor of 45 and s.
15
Let k = -1556 + 2206. Calculate the greatest common factor of 26 and k.
26
Let n = 404 + 394. What is the highest common divisor of n and 84?
42
Suppose -l + 425 = -4*k, 0 = 4*l - 40*k +